value of 0 + 17 + (-39 - -35) - 5?
8
What is (3 - 3) + (7 - (-1 - -7) - 8)?
-7
Evaluate (3 - 3 - -2) + (52 - 46).
8
Evaluate (2 - 9 - -14) + (13 - 8).
12
Evaluate -31 - (12 - ((-13 - -9) + 22)).
-25
Calculate (-35 - 6) + 35 - (1 - (-2 - -16)).
7
Evaluate ((10 - 7) + 1 - 6) + -7.
-9
Evaluate (6 - (5 - 8)) + 0 + -9 + -2.
-2
(75 - 79) + (6 - -4)
6
What is -5 - (15 - 13) - (2 + -2) - -7?
0
Calculate -10 - ((-4 - (14 - 2 - 9)) + 12).
-15
Calculate -19 + 8 - -22 - 7.
4
Evaluate (-21 - 0 - -33) + -44.
-32
-4 + 7 + (21 + -10 - 10) - -1
5
What is (3 - 2) + 5 + -25 + (1 - 3)?
-21
What is the value of -6 - -4 - (-16 - 0)?
14
What is -27 + 32 + 20 + -3 + (-1 - 1)?
20
Evaluate (-2 - 23 - -3) + 19.
-3
Evaluate (-6 + 24 - 20) + -8 + 0 + 1.
-9
What is the value of 5 - (9 - (10 + -3) - (5 + 0))?
8
What is the value of -10 + (1 - 0) - (2 + 5 + -9)?
-7
Evaluate 16 + -1 + 2 + -4 + -3.
10
What is the value of (-17 - (6 - 12)) + 4 + -1 + -3?
-11
What is the value of 20 - (-2 - -7 - (-9 + 2 - -19))?
27
Calculate -2 - (0 + (14 - 7 - 7)).
-2
What is (30 - 17 - 11 - 13) + (-1 - 3)?
-15
Evaluate 10 + (8 - 8) + -21 + 18.
7
What is -7 + 7 - -17 - (61 + -48)?
4
What is -39 - -35 - ((8 - 12) + 2 + 10)?
-12
What is the value of -7 + 7 - (20 - (-1 - (-9 - -5)))?
-17
Calculate 88 + -89 - (-1 + -12).
12
What is (20 + -23 - 4) + 10?
3
What is the value of 4 - (8 + 16 + (-8 - 1))?
-11
1 - (5 + -1 - (-106 - -108)) - 11
-12
What is -36 + (16 - (7 + -11))?
-16
Evaluate -8 - (11 + (-14 - -6) + 2 + -11).
-2
What is the value of 0 + -9 - (44 - (-2 - -40))?
-15
What is the value of 18 - (23 - 2) - (1 + 3)?
-7
What is the value of (2 - 7) + (5 - (-6 - (8 + -3)))?
11
-11 + 4 + -12 + 14 + 10
5
Calculate -11 + -7 + (8 - (-9 - 2)).
1
What is -5 + (-2 - 1) + -146 + 132?
-22
Calculate 2 + 7 + (-11 + 12 - 11 - -15).
14
-39 + 30 + (28 - 1) + 5 + -1
22
What is (-1 - 2) + -31 + 76 + -36?
6
Calculate -50 + -38 + 73 - -26.
11
-10 - (1 + -9 + 1 + -5)
2
Calculate -3 - (-4 - (3 - -6)).
10
Evaluate -4 + -1 + 12 + -8 - 11.
-12
Calculate -23 + 16 + -13 + 46 + (-1 - -6).
31
5 + 20 - (10 + 2)
13
What is 1 + 4 + 10 + -12?
3
(21 - 35 - -17) + 10
13
Evaluate 7 - 5 - (15 + (-10 - (-9 + 4))).
-8
Evaluate (-28 - -33 - 17) + -1.
-13
Calculate -1 + -5 - (-9 - (-6 - -2)).
-1
(5 - (8 - 5)) + (4 - (6 + 3))
-3
Calculate -1 + -6 + (33 - (-14 + 9)) + -10.
21
(-95 - -93) + (-1 - -7)
4
(-18 - -15 - (1 + 17)) + 9
-12
What is -3 + 11 - 1 - (-4 + -6 + 9)?
8
What is the value of 8 - (4 - (3 + 3) - 6 - -7)?
9
What is 14 + 4 + -13 + 6 + -1 + 3?
13
What is the value of (1 - -11) + -15 + -4 + 38 + -24?
7
Calculate 22 + (-12 + 6 - 27).
-11
What is 4 + 5 + -25 + 13 - (-1 + 5)?
-7
Calculate (61 - -5) + -44 + 1.
23
Calculate 4 + (-45 - -39 - (0 - 1 - 3)).
2
What is -7 + 9 - -17 - 11?
8
Evaluate (4 + (0 - 21) - -5) + 4.
-8
Evaluate -8 - 28 - -20 - -19.
3
What is the value of 0 - ((4 - (-13 + 8)) + 2)?
-11
What is the value of -5 - (-4 - 7) - (0 + 7 - -13)?
-14
What is -11 - (-4 + -2) - (10 + -5 - -4)?
-14
What is the value of 8 + -3 + -38 + 31?
-2
What is 0 - 12 - (-2 + -6)?
-4
-6 - (-9 + -14 + 4 - 23)
36
152 - 156 - (0 - 17)
13
What is 2 - -4 - (124 - 105)?
-13
What is the value of (-4 - -10) + (4 - 1) + 5?
14
Evaluate -1 + -7 + 17 + -10 + -19 + 15.
-5
Evaluate -6 + 4 - ((-12 - -14) + 5).
-9
Evaluate -25 + 3 - (93 - 94).
-21
What is the value of 5 - 6 - (46 + -41)?
-6
Evaluate 26 + (23 + -21 - 19).
9
(0 - (0 - 4) - -3) + -10 - 3
-6
Evaluate -44 - (-66 - -12) - (5 - 1).
6
Evaluate 0 + -4 - -6 - 10 - (-33 - -18).
7
-75 + (54 - 25) + 20
-26
What is 8 + (-8 - (-16 + 2) - 6)?
8
What is (17 - -15) + -7 + -6 + -21?
-2
Evaluate -11 + (-5 + 4 - -14 - 8).
-6
What is -23 + -19 + 20 + -3?
-25
Evaluate -11 - (15 + (-14 - 7)).
-5
What is 0 + (0 + -3 + 6 - (-4 + -1))?
8
Evaluate 21 - 61 - (4 - 16).
-28
What is -2 + (-28 - -15) + 25?
10
Calculate (6 - (6 - -6 - 11)) + 8.
13
What is the value of 3 + 2 + 5 - (9 + -6)?
7
(-13 - (-2 + -1)) + -26 + 15
-21
1 - -1 - (-23 - -36)
-11
What is the value of -3 - -28 - (4 + 22)?
-1
What is 70 - 76 - (1 - -10)?
-17
What is (-11 - -11) + (5 - 5) + -5 - 3?
-8
Evaluate 4 - -12 - (20 + -9).
5
4 + -7 + 2 - (-1 - -7) - 11
-18
Evaluate -10 - (7 + -15) - (-4 + 0).
2
Calculate -8 + 9 - ((-3 - 0 - -7) + 5).
-8
What is (2 - (7 + 5 + -11)) + (-2 - -1)?
0
Evaluate 26 - (27 - (4 + 6)).
9
What is the value of -35 + 5 + (-13 + 24 - 11)?
-30
What is the value of 19 + -13 + (-1 - -13 - 6)?
12
What is -3 - 1 - (7 - -2 - (-29 + 33))?
-9
Evaluate -7 + (5 - (-3 - (-2 - (5 + -2)))).
-4
What is -15 + 7 + 15 + -1 + 5?
11
Evaluate 12 + (18 - 3 - (-4 - (-10 + -2))).
19
What is (-1 - (-3 - 4)) + 3 + (5 - -4)?
18
What is the value of (-15 - -8 - (-7 + 7)) + 8?
1
Evaluate -21 + (1 - 14) + 31.
-3
Evaluate -528 - -514 - (0 - 17).
3
Calculate -11 - (-1 - (47 - 18)).
19
Evaluate (17 - (2 + -27)) + -22.
20
Evaluate (-4 - 8) + -2 + 28 + -3.
11
Evaluate 0 - (-7 - (-2 + 2 - -1) - -1).
7
What is the value of (12 - 2) + (3 - 0) + (69 - 94)?
-12
Evaluate -22 - (-18 + 8 - 1).
-11
-24 + 2 - (217 + -220)
-19
8 - 15 - 0 - -6
-1
What is the value of 8 + (-2 - 6) + 0 + 2 + -6?
-4
Evaluate 33 + (-45 + 0 - -3).
-9
Calculate -2 - ((3 - 5) + (-36 - -31)).
5
6 + 10 + (-21 - 3)
-8
-17 - (9 + -7 + -8)
-11
Evaluate (-22 + -29 - -26) + 25.
0
-2 - (-2 + 3 - 1)
-2
(-17 - -49 - 19) + -1
12
Evaluate 25 + -3 - (18 + -16) - 5.
15
What is the value of (42 - 35) + (-2 - -2 - -1) - 14?
-6
What is the value of -11 - (3 - 19 - -24)?
-19
What is (2 - -15) + -1 - 2 - (951 + -951)?
14
What is -7 - 2 - (-10 - (9 + 1))?
11
What is the value of (12 - (-15 + 34)) + 4?
-3
Calculate -9 - (1 + -40 - -8 - (0 - -10)).
32
What is 2 - (-2 + 0) - (-36 - -46)?
-6
Evaluate -263 + 254 + (-6 - -6 - (1 + 2)).
-12
Calculate (-25 - (-23 - 6) - -16) + (0 - -11).
31
What is -6 + 9 - (5 + (-6 - -9))?
-5
Calculate (19 - 0 - -1) + (768 - 781).
7
What is the value of 51 + -13 + -30 + 0 + 4?
12
What is the value of (5 - -1) + -17 + 8 + -10?
-13
Evaluate 24 - ((-9 - (13 + -23)) + 9).
14
7 - -1 - (16 + -25 + (10 - -1))
6
What is 9 + -1 + (-18 - 5) + 15?
0
-5 + 3 + -4 + 5 + -8 + -2
-11
What is -15 - -58 - (8 + -1 + 7)?
29
What is 8 - ((2 - (7 + 1)) + 25)?
-11
Calculate 53 - 45 - (10 + 2).
-4
Calculate (2 - ((-2 - (-3 - 3)) + 1)) + 6.
3
What is the value of -3 - 0 - (4 + (-7 - -1 - 12))?
11
What is the value of -6 - (3 + -14) - (3 + 10)?
-8
Evaluate -33 - (4 + (9 - (4 - -6))).
-36
What is 3 + -12 + 6 + (0 - -11) - 3?
5
-5 + (-1 - 1) + (7 - 20 - -10)
-10
Evaluate 10 - ((-17 - -3) + 4 - (-13 + 8)).
15
-18 - (26 + -10 + -30)
-4
What is (4 - (7 + -1 + 4)) + -11?
-17
32 + -14 + (-22 - -9)
5
-16 - 2 - (7 - 3 - (19 - 23))
-26
What is the value of 13 - (8 + 12 - 24)?
17
What is 20 - -1 - (5 - -4)?
12
Calculate 8 - (0 + -27 - -37).
-2
Evaluate 4 - (-18 + (2 - 1) + -4 + 12).
13
What is -15 + (-6 - -10) + 12 + 5?
6
What is the value of 1 + ((3 - 5) + 8 - 6) - 7?
-6
Evaluate 15 - (16 + 5 + -2).
-4
What is the value of -27 - (-11 - 7) - 4?
-13
What is -10 - 1 - (-22 + (9 - -2))?
0
What is the value of -12 - (-11 + -21) - 32?
-12
What is -66 - (20 - 26) - -20 - -2?
-38
2 - (0 - 2) - (-294 - -287)
11
What is 4 + (-1 - 0 - 0) + -5 + 0?
-2
What is the value of -1 + 2 - (29 - 68 - (-8 - 6))?
26
What is -5 + 18 + 13 - 12?
14
Calculate -22 + -6 - (-18 - (-7 + 0 + -1)).
-18
(-8 - (-7 + 9)) + -9 + 2 + 7
-10
What is -6 - (0 + (14 - 48) + 15)?
13
Calculate -13 + (-2 - (-9 + 2)).
-8
Calculate 516 + -491 - (44 + -1).
-18
Evaluate -77 - (-32 + -35) - (-20 + 0).
10
Calculate 7 - (-7 - (-25 + 3)) - 6.
-14
What is -1 + -27 - (226 + -235)?
-19
Evaluate -4 - (9 - (1 + -17)).
-29
-1 + -28 - ((-104 - -104) + -16)
-13
What is 8 + (-18 - -16) + 8?
14
Calculate 4 - (2 + -3 + -2 - -3 - 0).
4
What is the value of -53 + 18 + -5 - -13 - (-3 + 6)?
-30
What is the value of -7 + -10 + 24 + -2?
5
What is the value of 8 + -5 - (11 - 2) - -4?
-2
Evaluate 13 - (8 - (-11 - 2)).
-8
What is the value of -65 - -53 - (-4 + (-25 - 2))?
19
What is -11 - (2 - 3 - (7 + (-23 - -7)))?
-19
Evaluate 19 + (-5 + (4 - 15) - -23).
26
0 - (-4 - (7 - (2 - 0) - 3))
6
What is 9 - 19 - (2 - (0 + 15))?
3
-4 + 2 - (-8 - -14 - -3 - 4)
-7
What is the value of (14 - 13) + (15 - (4 - (0 - -5)))?
17
-183 - -162 - (2 - 16)
-7
What is the value of 19 + (19 - (-1 - -39))?
0
7 - (22 + -